 factors of a.
2, 3
Let g(s) = 8*s - 56. Let q be g(7). Let y be (-48 - (q + 0))*(-245)/28. Suppose 2*i - y = -0*i. List the prime factors of i.
2, 3, 5, 7
Let w = -18616 - -26588. List the prime factors of w.
2, 1993
Let x(m) = -6*m**2 + 6*m - 13. Let n(t) = 6*t**2 - 5*t + 13. Let z(u) = 5*n(u) + 4*x(u). List the prime factors of z(4).
3, 5, 7
Suppose 0 = 10*t + 16*t - 6032. Let m = t + 228. What are the prime factors of m?
2, 5, 23
Suppose 1502230 = 54*i - 813776. List the prime factors of i.
7, 11, 557
Suppose 6*c = 5 + 25. Suppose 0 = c*y + t - 2313, -2*y + 786 = 3*t - 134. List the prime factors of y.
463
Let r = 28 + 392. Suppose 0 = -23*z + r + 5652. List the prime factors of z.
2, 3, 11
Let l(n) = -56*n**3 - 16*n**2 - 127*n + 46. List the prime factors of l(-9).
19, 2143
List the prime factors of 1 + 1371 + 17/(17/(-4)).
2, 3, 19
Let k(a) = -a**2 + 3*a + 6. Let l be k(4). Suppose -r + 12 = l*r. Suppose -j = -3*y - r*j + 60, -35 = -4*y + 5*j. What are the prime factors of y?
3, 5
List the prime factors of (42115*1)/(191 - 186).
8423
Let h(w) be the second derivative of -1/3*w**3 + 2*w**2 + 0 - 7*w. What are the prime factors of h(-8)?
2, 5
Let l = -35 + 70. Suppose 34*j = l*j - 15. Let t = j + 23. List the prime factors of t.
2, 19
Suppose 2*o + 9*o = 3*o + 29744. List the prime factors of o.
2, 11, 13
Let x(d) be the first derivative of d**4/4 - 29*d**3/3 + 7*d**2 + 21*d + 48. What are the prime factors of x(29)?
7, 61
Let y(x) = 6147*x + 1194. What are the prime factors of y(2)?
2, 3, 281
Let c be 211/11 + 46/(-253). Suppose -c*l = -4*l. Suppose 5*b + x - 1172 = l, -584 = -4*b + 2*x + 362. List the prime factors of b.
5, 47
Let j(c) = -c**3 + 2*c**3 - 12*c + 13 - 8 + 8*c - 2*c**2. Let g be j(3). What are the prime factors of 4 + (70/5 - g)?
2
Let p(l) = 459*l**2 - 8*l + 9. Let a(u) = -u**2 - u + 43. Let r be a(6). List the prime factors of p(r).
2, 5, 23
Let v be 1*(-3 + (-15)/(-3) + -1). Let q(a) = -a**2 + 3*a - 2. Let z be q(v). Suppose -3*o = y - 360, 3*o - 5*y - 378 = -z*o. What are the prime factors of o?
11
Suppose -18*y = -23*y - 2765. Let f = y - -141. What are the prime factors of (f/10)/((-17)/85)?
2, 103
Suppose 3*x + 2*y = 12, 5 + 7 = 3*x - 4*y. Suppose -3*o - 2*o - 293 = -x*z, 3*z - 212 = -4*o. Suppose 2*p - z = 134. List the prime factors of p.
103
Let r(m) = -1340*m - 55. What are the prime factors of r(-9)?
5, 7
Let w(b) = 2*b - 10. Let f be w(3). What are the prime factors of f/(-3)*4/((-64)/(-5736))?
2, 239
Let c(f) = 3998*f + f**3 - 4004*f + 20*f**2 - 60 - f**2. List the prime factors of c(-19).
2, 3
Let y(m) = 4*m - 94. Let v be y(18). List the prime factors of 2 + -2 + 0 - (v + -783).
5, 7, 23
Let u(g) = 116*g**2 + 11*g + 231. What are the prime factors of u(-12)?
3, 1867
Let w(z) = 16*z**2 + 2. Let a be w(1). Suppose -4*u + k + 24 = 0, 0*u = -3*u - 2*k + a. Suppose -3*f = u*f - 792. What are the prime factors of f?
2, 11
Suppose 4*d + 29 + 7 = 0. Let s(l) be the first derivative of l**3 + 9*l**2 + l - 273. What are the prime factors of s(d)?
2, 41
Suppose -210900 + 255017 = 121*y - 354094. List the prime factors of y.
3, 1097
Let g = -4519 - -7346. List the prime factors of g.
11, 257
Suppose p - 4886 = -3*k, -p - 9*k + 4900 = -13*k. What are the prime factors of p?
2, 1223
Let f = -13723 - -23081. List the prime factors of f.
2, 4679
Let n(c) = 1382*c**2 + 30*c - 30. List the prime factors of n(8).
2, 97, 457
Let j = -40 - -4. Let u = j + 36. Suppose u = 4*b - 125 - 27. List the prime factors of b.
2, 19
Suppose w + 3 = 0, -3*w - 1580 = 5*i - 11221. Suppose -5*o + i = 8*l - 4*l, 3*o - 1158 = 5*l. List the prime factors of o.
2, 193
Let d(j) = -j**3 + 17*j**2 + 18*j + 8. Let u be d(18). Suppose 1906 = u*o - 1974. What are the prime factors of o?
5, 97
Let h(z) be the second derivative of -41*z**4/12 + z**3/3 - 3*z**2/2 - 3*z. Let y(d) be the first derivative of h(d). List the prime factors of y(-1).
2, 3, 7
Let i(a) = 29*a - 150. Suppose 11*g + 126 = 225. What are the prime factors of i(g)?
3, 37
Let j(b) = -3*b**3 - 11*b**2 + 28*b - 7. Let y(z) = z**3 - z. Let s(d) = j(d) + 2*y(d). Let m be s(-13). What are the prime factors of ((-310)/35)/(1/m)?
2, 31
Suppose -3*p = 3*a - 145008, 2*p = 1417*a - 1422*a + 96672. What are the prime factors of p?
2, 3, 19, 53
Let g be 44*(1 + 156/16). Let a = g - 328. List the prime factors of a.
5, 29
Let c(m) = -376*m**3 - 33*m - 6. What are the prime factors of c(-4)?
2, 5, 41, 59
Let l(o) = 10*o**2 - 54*o + 272. List the prime factors of l(9).
2, 149
Let u(y) = 72*y**2 - 84*y - 685. List the prime factors of u(-10).
5, 1471
Let s = 455 + -72. Suppose -s = -2*y - 3*a, 4*y + 0*a - 761 = -a. What are the prime factors of y?
2, 5, 19
Let p be 1/5 - 1890/75. Let y = p + 13. List the prime factors of y/(-4) + (-4 - -115).
2, 3, 19
Let o(d) = 6*d**2 + 8*d. Let x be o(6). Suppose -x = 60*g - 64*g. What are the prime factors of g?
2, 3, 11
Suppose 5*j - 96 - 223 = -4*h, 3*j - 193 = -4*h. Let x = j - -48. What are the prime factors of x?
3, 37
Let o be ((-4)/(-6))/((-32)/26064). Let x = o + 1130. List the prime factors of x.
587
Let w be 1/(-1)*(-10 + 8). Let f(i) = -i**3 - i**3 - 2*i + 3*i**3 - 2 + i**w + i**3. What are the prime factors of f(2)?
2, 7
Let x(l) = l**3 - 5*l**2 + 10*l - 10. Let o be x(3). Suppose -3*f = -o*v - 51, 49 = 5*f - 4*v - 38. List the prime factors of f.
3, 5
Let i(r) = 2*r**2 + 57*r + 761. List the prime factors of i(-144).
5, 1361
What are the prime factors of (-49 - 16)/((2/119)/(-2))?
5, 7, 13, 17
Suppose 9*w + 84*c = 87*c + 216357, -5*w = -c - 120193. List the prime factors of w.
13, 43
Let s = 7860 - 4116. What are the prime factors of s?
2, 3, 13
List the prime factors of ((-240994)/(-143))/1 + (-9)/33.
5, 337
What are the prime factors of (-104)/(-78) - 1074918/(-18)?
11, 61, 89
Let h = 239 - 237. Suppose 5*d = 5*j + 95, -h*d - 3*j - 40 = -4*d. List the prime factors of d.
17
Let g(n) = 19*n**2 + 324*n - 251. What are the prime factors of g(-31)?
2, 11, 181
Let u(l) = l**2 - 20*l - 1505. What are the prime factors of u(-83)?
2, 3, 587
Suppose -5*p - 4*j - 2149 = 0, -4*p = -9*p + 3*j - 2142. List the prime factors of ((-4)/(-11))/2 - 72423/p.
13
Let g = 13703 - -12239. What are the prime factors of g?
2, 7, 17, 109
Let b(a) = -228*a + 612. What are the prime factors of b(-39)?
2, 3, 11
What are the prime factors of 125831/29 + 2 + 3 + -2?
2, 13, 167
Let b(n) = -n**2 + 2*n - 4. Let h be b(4). Let g = 614 + -610. What are the prime factors of h*24/(-9) - g?
2, 7
Let j = -30 + 33. Suppose j*a - 4*z - 496 = 0, -5*a - 3*z + 322 + 553 = 0. Let c = a - 47. What are the prime factors of c?
5
Let z = -44 + 127. List the prime factors of (1 - z)*(-117)/26.
3, 41
Let j(c) = c**3 + 3*c**2 + 5*c + 7. Let h be j(-3). Let u = 4 + h. List the prime factors of 238 - (-1 + 0/u).
239
Let m = 70 - 14. Let d = 577 + -601. Let s = m + d. List the prime factors of s.
2
Let p(y) = y**3 + 47*y**2 - 99*y + 8. What are the prime factors of p(-41)?
14153
Let h(d) be the first derivative of d**3 - 13*d**2/2 - d + 3. Suppose -5*k = -k + 20. What are the prime factors of h(k)?
139
Let s(w) = w. Let x be s(18). Suppose -5*n + x = 58. What are the prime factors of 3/(((-16)/66)/n)?
3, 11
List the prime factors of 230493/12 + (-1284)/48 + 28.
3, 19, 337
Suppose -5*b + m = 5*m - 47, -2*m - 37 = -3*b. Suppose b*y + 918 = 17*y. List the prime factors of y.
3, 17
Let y(k) = k**3 + 8*k**2 + 2*k + 4. Let h be y(-6). Let s = h - 59. Suppose -3*r - 150 = -2*z, -r + 341 = s*z - 0*r. What are the prime factors of z?
3, 23
Let n = 15773 + -10015. What are the prime factors of n?
2, 2879
Suppose -5*a = -2*f - 10 - 1, -a = 4*f - 11. Let l be 4 + ((-45)/10 - (-1)/f). Suppose -5*c - 3*x + 69 = l, 3*c = -x - x + 41. What are the prime factors of c?
3, 5
Let y(i) = -2966*i + 36475. What are the prime factors of y(0)?
5, 1459
Let l(t) = -t**3 - 6*t**2 + t - 3. Suppose h + 5*k = -21, -2*h - 30 = h + 4*k. Let s be l(h). Let p(c) = -10*c - 7. What are the prime factors of p(s)?
83
Suppose 2*c = -n + 9112, 0*c + 13668 = 3*c - 2*n. What are the prime factors of c?
2, 17, 67
Let s = 1 + -2. Let m(n) = -4 - 6 + 0*n + 8 + 163*n**2 - 2*n - 145*n**2. List the prime factors of m(s).
2, 3
Let z(g) = g**2. Let x(s)